*f, 3*u + 20 = -2*u. Suppose -3*b = -f*m - 163, 128 = 2*m - 6*m + 3*b. Let s = 76 + m. What are the prime factors of s?
41
Suppose -5*t + 1048 + 710 = -3482. What are the prime factors of t?
2, 131
Suppose -22*u + 155869 + 16391 = 0. List the prime factors of u.
2, 3, 5, 29
Let s = -489 + 489. Suppose 0 = z - a - 29, -4*z - a + 131 + 0 = s. List the prime factors of z.
2
Let n = 5428 - 4250. List the prime factors of n.
2, 19, 31
List the prime factors of ((-3)/(-9))/((-2)/(-76638)).
53, 241
Let r = 1047 - -9201. List the prime factors of r.
2, 3, 7, 61
What are the prime factors of -11 - -3 - 2019/(-3)?
5, 7, 19
Let w be 4 + (6 + -4)/2. Suppose -3*z + 1 = 2*j - 9, -18 = -w*j - 4*z. Suppose -2*a - 498 = -5*f + a, 5*a + 184 = j*f. List the prime factors of f.
2, 3, 17
Let k(t) be the second derivative of 36*t**3 + 175*t**2/2 + 64*t + 3. What are the prime factors of k(6)?
1471
Suppose 10932*c = 10947*c - 1208490. List the prime factors of c.
2, 40283
List the prime factors of (-1 - -2037)/(-61 + 63).
2, 509
Suppose 0 = -2*j - 3*x - 1, x + 2 = -5*j - 7. Let t be -1 + 29 - 5/(5/j). List the prime factors of 10/t + (-436)/(-6).
73
Let w be 1/(-6) - (3 - 114/36). Suppose w = h - 5*k - 1292, -702 = -h + k + 582. List the prime factors of h.
2, 641
Suppose 0 = a + 4*s, -5*a + 6*s + 46 = 3*s. Suppose -a*o + 471 + 81 = 0. What are the prime factors of o?
3, 23
Let l = -8141 + 8279. List the prime factors of l.
2, 3, 23
Let m = -209 - -215. Let u(v) = 10*v**2 + 29*v - 128. What are the prime factors of u(m)?
2, 7, 29
Let w be (-45)/75*(-5)/1 - -8. Let j(p) be the third derivative of 3*p**4/8 + 19*p**3/6 - 3*p**2. List the prime factors of j(w).
2, 59
Let o(w) = 89*w - 902. What are the prime factors of o(45)?
29, 107
Suppose 0 = 4*i + 5*l - 44, -l - 13 - 1 = -3*i. Suppose -i*v = -341 + 71. List the prime factors of ((-36)/(-20))/(3/v).
3
Suppose 63849 = -23*f - 584084. What are the prime factors of 10/(-4)*(f/65 - 3)?
1091
Let l = 33 - 28. Suppose l*u = f - 167, 4*u = -u. Let k = f + 70. What are the prime factors of k?
3, 79
List the prime factors of -13 - ((-4)/(-30) + (-6083984)/2580).
5, 7, 67
Let l be (0/(-2))/(2 - (-6)/(-6)). Let p be (-2)/(-5)*2*(l - 60). Let r = 75 + p. What are the prime factors of r?
3
What are the prime factors of 5235/(-9)*7038/(-85)?
2, 3, 23, 349
Let h = -49 - -49. Suppose h = 2*u, 0*d - 690 = -3*d - 5*u. List the prime factors of d.
2, 5, 23
Let v = -5432 + 21181. What are the prime factors of v?
15749
Suppose i + 3*i + 40 = 0. Let x(k) be the second derivative of k**4/6 + 5*k**3/3 - 9*k**2/2 - 46*k. List the prime factors of x(i).
7, 13
Suppose 9*i = 4*i - 5, -2*i = 3*r - 2074. Let l = -174 + r. What are the prime factors of l?
2, 7, 37
Let y be (2662/44)/((-1)/(-2)). Let i = y - 119. What are the prime factors of (-12)/12 - 271*(-2)/i?
2, 3, 5
Suppose 33 + 67 = 25*o. Let i(n) = 10*n**3 - 4*n**2 + 2*n + 8. What are the prime factors of i(o)?
2, 37
Let n = 867 + -1274. Let o = n + 430. List the prime factors of o.
23
Suppose -12266620 + 4439055 = -289*z. List the prime factors of z.
5, 5417
Suppose -5*p - 20*w + 16*w + 128001 = 0, w + 76821 = 3*p. What are the prime factors of p?
3, 5, 569
What are the prime factors of 697466/36 + -10*(-34)/(-6120)?
2, 3, 3229
Let h(u) = 2*u**2 + 28*u + 29. Let l be h(-13). Let q be -1 + (-1 - -2)*317. Suppose -q = -l*d + 254. List the prime factors of d.
2, 5, 19
Suppose -233*b - 3 = -236*b. List the prime factors of (-7 - -7)/(-7) + b*436.
2, 109
Suppose -4*s + 42620 = 5*h, -22*s + 3*h + 31992 = -19*s. List the prime factors of s.
2, 5, 13, 41
What are the prime factors of -15478*((-150)/(-10) + -17)?
2, 71, 109
What are the prime factors of (-174398)/(-8) - (-3)/6*38/76?
2, 5, 109
Suppose -2 = 10*b - 722. Let i = b - 66. Let x(o) = 10*o + 21. List the prime factors of x(i).
3
Let z = 7139 + -5243. List the prime factors of z.
2, 3, 79
Let m(t) = t + 18. Let y be m(-6). Suppose y*i + 15 = 17*i. Suppose 8 = i*k + 2, g + k = 126. List the prime factors of g.
2, 31
Let u(f) be the first derivative of f**3/6 + 9*f**2 - 14*f + 11. Let d(b) be the first derivative of u(b). List the prime factors of d(-13).
5
Let w(n) = 65*n - 28. Let k(f) = 2*f**2 + 16*f + 36. Let z be k(-3). What are the prime factors of w(z)?
2, 181
Let n = 27395 + -5663. List the prime factors of n.
2, 3, 1811
Let h(y) = -363*y - 1907. List the prime factors of h(-10).
1723
List the prime factors of 178478/16 + 8/(-1024)*-16.
5, 23, 97
Suppose -22971 = 13*q - 0*q. Let c = -328 - q. What are the prime factors of c?
1439
Let j(b) = 1847*b**3 + 8*b**2 - 12*b + 1. List the prime factors of j(3).
2, 24953
Let p(u) = -10*u**3 - 15*u**2 + 11*u + 65. What are the prime factors of p(-5)?
3, 5, 59
Let q(s) be the third derivative of -13*s**4/12 - 28*s**3/3 + 50*s**2 + 2*s. What are the prime factors of q(-17)?
2, 193
Let y = 20078 - 197. What are the prime factors of y?
3, 47
Let l = -288 + 602. List the prime factors of ((-8)/(-12))/(l/(-318) - -1).
53
Let m be 54/72 + 4522/8. Suppose g + d = -0*g + m, 0 = 5*g - 3*d - 2814. List the prime factors of g.
2, 3, 47
Let o(n) = -22*n**3 - 2*n - 2. Let s(f) = -212*f + f**2 + f**2 + 222*f - 1. Let m be s(-5). List the prime factors of o(m).
2, 11
Let p(w) = 2*w + 1. Let k(b) = 29*b + 29. Let r(n) = -k(n) + 3*p(n). List the prime factors of r(-14).
2, 37
Suppose -2 = -9*d + 52. What are the prime factors of (((-818)/(-3))/(-1))/((-4)/d)?
409
Let a(b) = 5*b**3 + 102*b**2 + 13*b - 8. What are the prime factors of a(-14)?
2, 3041
Let p = 73 + -20. Suppose -p = 2*z - 55. List the prime factors of 20/60 - 77*z/(-3).
2, 13
Let f(j) = -2 + 6 + 2*j - 5 + 6. Let b be f(3). Let n = 4 + b. What are the prime factors of n?
3, 5
Let x(q) = 6*q**3 - 2*q**2 + q. Let l be x(-2). Let j = 15 + 86. Let p = j + l. What are the prime factors of p?
43
Suppose 24*a + 34*a + 9773 = 289623. List the prime factors of a.
5, 193
Suppose -4*i + 16 = 4*y, -2*i + y + 0*y - 4 = 0. Let j = 98 + 82. Suppose 4*s - j = -2*g, i = 4*s - 3*s - 3*g - 38. What are the prime factors of s?
2, 11
Suppose 51*h - 18*h + 66 = 0. Let w be 4/6 - 437/3. List the prime factors of (w/h)/(8/16).
5, 29
Suppose 0 = 5*d + 4*y - 33, 4*d - 19 = 4*y + 29. Suppose d*x + 212 - 923 = 0. Let j = -64 + x. List the prime factors of j.
3, 5
Suppose 3*c - 8 = 4*c. Suppose -2*k - 2*b + 34 = -4*b, 0 = 5*k + 2*b - 57. List the prime factors of c/4 + 3/(3/k).
11
Let r = -35 + 37. Suppose b + r = 5*n - 3*n, 4*b = -n - 17. List the prime factors of 6/(-5) - n - (-3328)/40.
83
Suppose 897*l = 893*l + 1136. Suppose -d + o + l = 0, -4*d = -2*d + 3*o - 563. What are the prime factors of d?
283
Let v(s) = 59*s**3 + 15*s**2 + 25*s + 46. List the prime factors of v(10).
2, 15199
Suppose 2*s + 4*r + r = 26945, -3*s + 40412 = 2*r. List the prime factors of s.
2, 3, 5, 449
Suppose 2869562 - 242650 = 32*y. What are the prime factors of y?
103, 797
Suppose -10 - 30 = 2*k. Let j(w) = -27*w - 2 - 2*w**2 + w**2 - 3 - 1. What are the prime factors of j(k)?
2, 67
Let h = -37 - -40. Suppose 1068 = -h*t + 3543. Suppose 11*v - 550 - t = 0. List the prime factors of v.
5
Suppose -x + 5*x = 616. Let m be -2 - -7 - 2 - 56. Let v = m + x. List the prime factors of v.
101
Let m(f) = -f**2 + 16*f - 52. Let c be m(6). Let w(h) = 12*h**2 + 57*h + 14. What are the prime factors of w(c)?
2, 619
Let d(v) = -3*v - 9. Let n be d(-2). Let q = 1 + n. List the prime factors of (2345/2)/7 - (-1)/q.
167
Suppose 35*o - 1376480 = -22*o - 23*o. What are the prime factors of o?
2, 7, 1229
Let c(d) = 4*d**3 - 5*d**2 - 7*d + 6. Let k(f) be the first derivative of -f**4/4 + f**2/2 - f + 4. Let j(g) = -c(g) - 3*k(g). List the prime factors of j(3).
3
Let q = -64 + 63. Let w(g) = -373*g**3 + 2*g + 1. Let l be w(q). Suppose 3*v - 4*t = -t + l, -v = -5*t - 144. What are the prime factors of v?
7, 17
Suppose t = -m + 8697, 3*t - 5*t + 17394 = 7*m. What are the prime factors of t?
3, 13, 223
Let j(c) = -c**3 - 13*c**2 - 15*c - 8. Let o be j(-12). Let y(d) = 2*d**2 - 45*d + 434. List the prime factors of y(o).
2, 7, 53
Let n(r) = 302*r**2 - 52*r + 176. List the prime factors of n(10).
2, 3, 311
Suppose 3*z - 4*b = 6*z - 3506, -3*b = -5*z + 5795. Let n = 2032 - z. List the prime factors of n.
2, 3, 5, 29
Let 